1*j - 2*j. Calculate y(p).
-19
Let h(u) = 6*u - u**2 - 5*u**2 - u - u**3 + 0*u**3 + 0*u**2. What is h(-6)?
-30
Let h(x) = -15*x**2 - 487*x**3 + 480*x**3 - 13*x + 2 + 5. Let b(v) = -19*v**3 - 45*v**2 - 39*v + 22. Let f(s) = 3*b(s) - 8*h(s). Calculate f(-14).
-4
Let j(w) be the third derivative of w**6/120 - 2*w**5/15 - 5*w**4/12 + w**3/3 + 111*w**2 - 1. Let x(t) = t**3 + t**2 + 2*t + 9. Let y be x(0). Give j(y).
-7
Let o(w) = -5*w**2 + 152*w - 324. Let m be o(28). Let k(u) = -2*u**3 + 25*u**2 - 8*u - 48. Give k(m).
0
Let u(v) = 8*v + 7. Let r(n) = -6*n - 5*n + n - 10 + 1. Let s(f) = -5*r(f) - 6*u(f). Calculate s(-4).
-5
Let g = -1727 + 1760. Let c(k) = -k**3 + 33*k**2 - 5*k + 170. What is c(g)?
5
Let q = 685 - 682. Let o(y) = 4*y**2 - y + 4. Give o(q).
37
Let a(l) = 2*l - 1. Let b(c) = -c**3 - 16*c**2 + 14*c + 25. Let n be b(-17). Let f = n - 60. Suppose 7*j = -j - f. Give a(j).
-5
Let d(j) = j**3 - 3*j**2 - 4*j. Suppose 1021 = -3*t + r, 871 + 844 = -5*t - r. Let c = t + 346. Determine d(c).
0
Let k(s) = -2*s**3 + s**2 + 2*s. Suppose -2*q - 14 = -10. Let x be -1*-2*q/8*-4. Let f be k(x). Let p(m) = -m**3 - 7*m**2 + 9*m + 3. What is p(f)?
-5
Let s(b) = 32*b**2 - 1. Let o = 3007 + -3006. Give s(o).
31
Suppose 7*f + 3*f = 6060. Let t(z) = -605*z + f*z + 10 - 4. Give t(-14).
-8
Suppose 0*z + 8 = 4*z. Suppose -4*o + 22 = u - 8*o, -4*u = -o - 43. Suppose -z*q = u, 5*t - t = -q + 23. Let n(y) = 2*y - 9. Determine n(t).
5
Let f = 22701 + -22713. Let d(n) = -3*n**2 - 28*n + 92. Give d(f).
-4
Let f(s) = 2*s**2 - 5*s**2 + 2*s**2 + 4 + 7*s - 12. Let x = 503 + -497. Calculate f(x).
-2
Let y(h) = 18 - 44 + 9 - h. Let v = 48 + -56. What is y(v)?
-9
Let z = -12 - -15. Let k(t) = -9*t**2 + 4*t - 3. Let c(m) = 8*m**2 - 2*m + 2. Let u(n) = z*k(n) + 4*c(n). Calculate u(-3).
32
Suppose -92 = 13*c - 14*c. Let u = c - 92. Suppose -q + 3*z + 5 = u, -59 + 24 = -5*q + 5*z. Let x(l) = -3*l - 2. What is x(q)?
-26
Let t(h) = 3*h**2 + 5*h + 6. Suppose 223 = -72*u - 209. Determine t(u).
84
Let t(m) = -10*m - 5. Let k(a) = 2*a. Let y(w) = 2*w - 1. Let p(j) = 2*k(j) - y(j). Let g(b) = 4*p(b) + t(b). Determine g(-4).
7
Suppose -2*q - 16 = 5*n, -3*q = -2*q - 5*n + 8. Let h be (-8)/(-2)*(-60)/80. Let v(b) = -8*b - 8. Let f(t) = 14*t + 17. Let s(i) = h*f(i) - 5*v(i). Give s(q).
5
Let g be -3 - 0 - (-33)/(-3 + 2). Let v = g + 100. Let j = v + -59. Let u(i) = -i**3 + 4*i**2 + 6*i - 6. Give u(j).
-1
Let p(f) = f**2 + 9*f - 12. Let o(m) = -12*m**2 + 12*m - 11. Suppose 2*a = 5*d - 11, 7*d + 2*a + 3 = 4*d. Let r be o(d). Give p(r).
10
Let g be (-626)/18 - ((-4)/18)/(-1). Let w be g/(-10)*4/14. Let j be (w - -4) + -1 - 5. Let l(i) = 18*i + 1. Calculate l(j).
-17
Let f(l) = -7*l + 6*l - 5*l + l**2 + 1. Suppose -5*h + 5*u = 230, -6*h = -9*h + u - 132. Let r be -7 - 144/(-21) - h/7. Determine f(r).
1
Let f(a) = -a**2 + 6*a - 6. Let h be (57/(-8))/19 + 131/8. Suppose -h*r = -23*r + 28. What is f(r)?
2
Suppose 4*i - 3*i = -i + 4. Let j(f) = -28*f**2 + 2. Calculate j(i).
-110
Let a = -979 + 982. Let k(q) be the first derivative of -8*q + 2*q**2 + 5 + 5/3*q**a - 1/4*q**4. Determine k(6).
-20
Let g be (-168)/(-336)*(-2 + 3)*8. Let o(w) = w**3 - 4*w**2 - 10*w + 31. What is o(g)?
-9
Suppose 0 = -5*t + 2*d + 20, 3*d = 2*t + 2*t - 23. Let h(z) be the third derivative of 1/6*z**3 + 5/24*z**4 + 0 - 4*z**2 + 0*z. What is h(t)?
11
Let a(m) = 5*m - 9*m + 14*m + m**2 - 17 - 11*m. Calculate a(6).
13
Let t be (-527)/7 - 4/(-14). Suppose 160*v = 14984 - 2984. Let w = v + t. Let z(m) = m**2 - m - 8. What is z(w)?
-8
Let t(n) be the first derivative of 3*n**2/2 + 10. Let s(y) = y**3 + 4*y**2 + 3*y. Let x be s(-3). Suppose x = -68*w + 71*w + 3. Determine t(w).
-3
Let s(v) = -24*v**3 - 93*v**2 - 26*v - 33. Let d(r) = 13*r**3 + 50*r**2 + 13*r + 17. Let n(m) = -11*d(m) - 6*s(m). Calculate n(-6).
5
Suppose -65 = -5*j - 3*f - 2*f, -2*f = -10. Let t = 16 - 8. Let l(h) = t*h**2 - 4 + 0 - h**3 + 3 + 0*h**2. Give l(j).
-1
Suppose -142*y = -106*y + 108. Let k(u) = -3*u - 6. Calculate k(y).
3
Suppose 3*s = g + 2, 11*g + 2*s + 2 = 15*g. Let v(k) = 5*k**2 - 3*k + 1. Determine v(g).
3
Suppose 2*b - 3*v - 26 = 0, 2*b - v - v = 30. Let d = -12 + b. Let c(p) be the first derivative of -p**2/2 + 3*p - 1128. Determine c(d).
-4
Suppose 12 = 11*a - 7*a. Let l(h) = 3*h**2 - 112*h**3 - 118*h**3 + a + 231*h**3 + 4*h**2 + 5*h. Give l(-6).
9
Let g(s) = -s**3 - 8*s**2 - 10*s + 8. Let n = -635 + 630. Let d be (n + 26/4)*-4. Give g(d).
-4
Let i(u) be the first derivative of 56 - 6*u + 1/2*u**2. Give i(0).
-6
Let y(i) = -5*i + 14. Let p be y(-11). Suppose -p*c - 2 = -67*c. Let m(r) = -4*r. What is m(c)?
4
Let m(u) = 10*u + 50. Let g(x) = 7. Let a(d) = 6*g(d) - m(d). Determine a(5).
-58
Let r(w) be the third derivative of w**7/840 - w**6/90 + w**5/60 - w**4/24 + 23*w**3/3 + 4*w**2 + 6. Let b(j) be the first derivative of r(j). Give b(3).
-4
Let a(i) = -i**3 - 6*i**2 + 22. Let j = -4581 + 4576. What is a(j)?
-3
Let t(k) = -18*k**3 + 51*k**3 - 32*k**3 + 29*k - 22*k**2 + 8*k + 24. Give t(20).
-36
Let l(v) = -v**3 - 1 - 61*v**2 - 10*v**2 + v + 0*v**3 - 16*v**2 + 79*v**2. Calculate l(-8).
-9
Let x(b) be the third derivative of -b**6/120 + b**5/15 - 7*b**4/24 + b**3 + 2275*b**2. What is x(3)?
-6
Let c(m) = m**3 - 6*m**2 - 25*m - 20. Let g be (26 + -8)/(8/(-1) + 10). Give c(g).
-2
Let p(c) be the second derivative of -12 + 1/6*c**3 + 3*c + 3/2*c**2. Let z be 34/(-4) + (-1)/(-2). What is p(z)?
-5
Let u(q) = -q**3 - 6*q**2 - 5*q + 4. Let p be u(-5). Let s be 0 + -2 + p/(-6 + 4). Let c be 12/(-2) - (s + 1). Let y(r) = r**2 + 3*r - 3. Give y(c).
-3
Let p(m) be the third derivative of m**5/60 - 7*m**4/6 + 151*m**3/6 + 75*m**2. Let z be p(21). Let x(w) = -5*w + 4. Calculate x(z).
-16
Let i(z) = -20*z**2 - 2*z + 1. Let h(x) = x**3 - 14*x**2 + 25*x - 10. Let s be h(12). Suppose 4*m - 5*a - 19 = 0, 3*m = s*a - 5*a - 6. Calculate i(m).
-21
Let t be 0/(-4) - 0/(-1). Let m(y) be the first derivative of y**4/12 + y**3/6 - y**2 - 14*y + 9. Let q(x) be the first derivative of m(x). Determine q(t).
-2
Let b(z) be the first derivative of 3/2*z**3 + 0*z + 11/24*z**4 + 3*z**2 + 4 + 1/60*z**5. Let s(i) be the second derivative of b(i). Give s(-10).
-1
Let h(y) be the first derivative of -y**4/4 - 7*y**3/3 + 3*y**2/2 - 4*y + 1154. What is h(-8)?
36
Let i(q) = -2*q - 5. Let o(v) = -8 - 12 + 12 - 4*v - 2. Let y(u) = -5*i(u) + 3*o(u). What is y(-2)?
-1
Let f(z) = z**2 - 5*z - 11. Let o = -2988 - -2995. Calculate f(o).
3
Suppose 112*n - 666 = 19*n - 201. Let w(c) = c**3 - 4*c**2 - 10*c - 9. What is w(n)?
-34
Let y = 140 + -137. Let t(x) = -y - 12*x + 18*x - 8*x. What is t(-5)?
7
Let d(c) = -8 + 1185*c - 602*c - 2*c**2 - 607*c. Let u be (-2)/3 + (-7)/21*34. What is d(u)?
-8
Let r(h) = -h**3 + 3*h**2 - 2*h - 5. Let v(o) = -5*o + 1. Let p(b) = r(b) - v(b). Suppose -8 = -2*j - 5*y + 1, -j + 5 = 3*y. Let u = 2 + j. What is p(u)?
-10
Let z(d) = 2*d**2 - 6*d - 5. Let x = 538 - 543. Let v(w) = -2*w**2 + 9*w + 6. Let i(a) = x*z(a) - 4*v(a). What is i(-5)?
-19
Let p = -2793 + 2799. Let v(l) = -16*l + 4*l + l - 5*l**2 + 6*l + l**3. What is v(p)?
6
Let s be (-1 - (-5)/3) + (-468)/(-108). Let w(k) = -5*k - 12. Calculate w(s).
-37
Let o(j) = -j**2 + 2*j + 2. Let z = 223 - 218. Suppose -z*v + 46 = 21. What is o(v)?
-13
Let i(w) = 3 - 2*w**2 + 22*w**3 + 25*w**3 + 18*w**3 - 86*w**3 + 2*w + 16*w**3. What is i(-2)?
31
Let w(s) = -17*s + 301. Let z(p) = -2*p**3 - 13*p**2 + 66*p - 22. Let r be z(-10). Calculate w(r).
-5
Let x(n) = n**3 - 8*n**2 + 7*n - 7. Let y = 6205 - 6200. Determine x(y).
-47
Let b(p) = 6*p**2 + 15*p + 2. Let h(n) = 7*n**2 + 18*n + 2. Let r(v) = -5*b(v) + 4*h(v). Let f(c) = -c**3 + c**2 + 2. Let j be f(2). Calculate r(j).
-4
Let h(i) = -304 + 105 + 0*i + 5*i + 256. Calculate h(-13).
-8
Let a(k) = -35*k**3 + 10*k + 36*k**3 + 2 - 16*k - 5*k**2. Let f be a(6). Let j(i) = 8*i - 11*i + f*i**2 - 2 + 2*i**2 + 2*i. Give j(2).
12
Let v(k) = -6*k**2 + k + 4. Let j(l) = 85*l - 428. Let x be j(5). What is v(x)?
-53
Let t(l) = 2*l**2 + 2*l. Let v be t(-1). Let s(w) = w**2 - 2*w + 6. Let p be s(v). Let x(u) be the third derivative of -u**4/24 + 4*u**3/3 + u**2. Give x(p).
2
Let l(a) be the second derivative of -1/6*a**3 + 67*a + 0 + 1/6*a**4 - 1/10*a**5 + 1/2*a**2. Give l(-2).
27
Su